{"id":684,"date":"2021-08-11T18:17:51","date_gmt":"2021-08-11T21:17:51","guid":{"rendered":"https:\/\/newseguros.com.br\/site\/?page_id=684"},"modified":"2021-08-20T17:35:57","modified_gmt":"2021-08-20T20:35:57","slug":"capitalizacao","status":"publish","type":"page","link":"https:\/\/newseguros.com.br\/site\/capitalizacao\/","title":{"rendered":"Capitaliza\u00e7\u00e3o"},"content":{"rendered":"<p>[vc_row][vc_column offset=&#8221;vc_col-lg-6&#8243;]<div id=\"cz_86205\" class=\"cz_86205 cz_image clr cz_image_no_fx center_on_mobile\"><div class=\"\" ><div class=\"cz_image_in\"><div class=\"cz_main_image\"><img width=\"510\" height=\"440\" src=\"https:\/\/newseguros.com.br\/site\/wp-content\/uploads\/2021\/08\/capitalizacao.jpg\" class=\"attachment-full\" alt=\"\" srcset=\"https:\/\/newseguros.com.br\/site\/wp-content\/uploads\/2021\/08\/capitalizacao.jpg 510w, https:\/\/newseguros.com.br\/site\/wp-content\/uploads\/2021\/08\/capitalizacao-300x259.jpg 300w\" sizes=\"(max-width: 510px) 100vw, 510px\" \/><\/div><\/div><\/div><\/div><div class=\"cz_gap clr  hide_on_tablet hide_on_mobile\" style=\"height: 1px\"><\/div><div class=\"cz_gap show_on_tablet clr \" style=\"height: 30px\"><\/div>[\/vc_column][vc_column offset=&#8221;vc_col-lg-6&#8243;]<div id=\"cz_31633\" class=\"cz_31633 cz_title clr cz_smart_fs cz_title_pos_inline\"><div class=\"cz_title_content\"><span class=\"cz_line_side_solo\">_<\/span><div class=\"cz_wpe_content\"><p><span style=\"color: #efae16;\">Capitaliza\u00e7\u00e3o<\/span><\/p>\n<\/div><\/div><\/div>[vc_row_inner][vc_column_inner width=&#8221;1\/2&#8243;]<ul id=\"cz_109595\" class=\"cz_109595 cz_stylish_list clr cz_sl_icon_hover_zoom_in\"><li class=\"clr\"><div class=\"cz_sl_icon\"><i class=\"fa fa-check mr10\"><\/i><\/div><div><span>T\u00edtulo de Capitaliza\u00e7\u00e3o para Garantia de Aluguel<\/span><\/div><\/li><li class=\"clr\"><div class=\"cz_sl_icon\"><i class=\"fa fa-check mr10\"><\/i><\/div><div><span>PGBL<\/span><\/div><\/li><\/ul>[\/vc_column_inner][vc_column_inner width=&#8221;1\/2&#8243;]<ul id=\"cz_109398\" class=\"cz_109398 cz_stylish_list clr cz_sl_icon_hover_zoom_in\"><li class=\"clr\"><div class=\"cz_sl_icon\"><i class=\"fa fa-check mr10\"><\/i><\/div><div><span>T\u00edtulo de Capitaliza\u00e7\u00e3o<\/span><\/div><\/li><li class=\"clr\"><div class=\"cz_sl_icon\"><i class=\"fa fa-check mr10\"><\/i><\/div><div><span>VGBL<\/span><\/div><\/li><\/ul>[\/vc_column_inner][\/vc_row_inner][\/vc_column][\/vc_row][vc_row][vc_column offset=&#8221;vc_col-lg-6&#8243;][\/vc_column][\/vc_row]<\/p>\n","protected":false},"excerpt":{"rendered":"<p>[vc_row][vc_column offset=&#8221;vc_col-lg-6&#8243;][\/vc_column][vc_column offset=&#8221;vc_col-lg-6&#8243;][vc_row_inner][vc_column_inner width=&#8221;1\/2&#8243;][\/vc_column_inner][vc_column_inner width=&#8221;1\/2&#8243;][\/vc_column_inner][\/vc_row_inner][\/vc_column][\/vc_row][vc_row][vc_column offset=&#8221;vc_col-lg-6&#8243;][\/vc_column][\/vc_row] &#8230; <\/p>\n","protected":false},"author":1,"featured_media":0,"parent":0,"menu_order":0,"comment_status":"closed","ping_status":"closed","template":"","meta":[],"_links":{"self":[{"href":"https:\/\/newseguros.com.br\/site\/wp-json\/wp\/v2\/pages\/684"}],"collection":[{"href":"https:\/\/newseguros.com.br\/site\/wp-json\/wp\/v2\/pages"}],"about":[{"href":"https:\/\/newseguros.com.br\/site\/wp-json\/wp\/v2\/types\/page"}],"author":[{"embeddable":true,"href":"https:\/\/newseguros.com.br\/site\/wp-json\/wp\/v2\/users\/1"}],"replies":[{"embeddable":true,"href":"https:\/\/newseguros.com.br\/site\/wp-json\/wp\/v2\/comments?post=684"}],"version-history":[{"count":2,"href":"https:\/\/newseguros.com.br\/site\/wp-json\/wp\/v2\/pages\/684\/revisions"}],"predecessor-version":[{"id":888,"href":"https:\/\/newseguros.com.br\/site\/wp-json\/wp\/v2\/pages\/684\/revisions\/888"}],"wp:attachment":[{"href":"https:\/\/newseguros.com.br\/site\/wp-json\/wp\/v2\/media?parent=684"}],"curies":[{"name":"wp","href":"https:\/\/api.w.org\/{rel}","templated":true}]}}